95 + -109. Calculate the highest common divisor of l and q.
86
Let z = 2119 - 2108. Suppose 0 = s + 5*i + 4, -i + 14 = s + 2. Let y = s - z. Calculate the highest common factor of y and 10.
5
Suppose 5*y = 2*w + 166, -33*w - 115 = -3*y - 34*w. Calculate the greatest common factor of y and 5520.
12
Suppose 0*p + 200 = 4*p. Let l = -20 + p. Let y(k) = -57*k + 404. Let a be y(7). What is the greatest common divisor of a and l?
5
Suppose -z = -d - 59, 3*d = 4*z - 80 - 94. Let n(a) = 74*a**3 - a**2 + 1. Let x be n(1). Let g = d + x. Calculate the highest common divisor of 30 and g.
6
Let z = 84778 - 58752. What is the greatest common divisor of z and 14?
14
Suppose -36*r + 2*r + 27676 = 0. Suppose -5*z = 4*g - 93, z + 70 = 3*g + 5*z. Calculate the greatest common factor of r and g.
22
Suppose 0 = 4*l + 5*c - 37, 16 = 2*l + 8*c - 6*c. Let y(r) = 22*r - 1. Let n be y(l). What is the greatest common divisor of n and 26?
13
Let a be (77/154)/(2/1348) + -9. What is the highest common divisor of 704 and a?
8
Let z be ((-10)/(-7))/(3185/71344). Let b(p) = -2*p**3 + 5*p**2 + 6*p + 7. Let c be b(-5). Calculate the highest common factor of c and z.
32
Suppose 24*m = 23*m + 319. Suppose -10*w - 906 = -1196. What is the highest common factor of m and w?
29
Suppose 3*h + 90 = 21*h. Suppose h*l - 373 = 257. Calculate the greatest common divisor of 168 and l.
42
Suppose 7743*o = 7668*o + 8250. Calculate the highest common factor of 6985 and o.
55
Let z = -8 - -26. Let s be (-1*1)/(z/(-90)). Suppose s*t - 16 = 9. Calculate the greatest common divisor of t and 35.
5
Suppose 0 = -10*b + 4 + 6. Suppose i = -b + 18. Suppose 4*q = -3*v + 3*q + 461, -q + 155 = v. Calculate the greatest common factor of v and i.
17
Suppose -21*c = -5*s - 7*c + 518, c - 8 = 0. Calculate the greatest common divisor of s and 567.
63
Suppose 67*m - 11982 - 8448 = 14410. What is the greatest common divisor of m and 120?
40
Let x = -3616 - -4701. Calculate the greatest common divisor of x and 620.
155
Let z = 3621 - 3382. What is the highest common divisor of z and 3?
1
Let x be 149/(-3) - (-4)/(-96)*8. Let k = -30 - x. Suppose 0*i - 280 = -2*i. Calculate the highest common divisor of k and i.
20
Let o = 186 + -184. Suppose o*b - 137 = 3*d, -b - 3*d = -2*d - 71. Let i = -18 - -46. Calculate the highest common divisor of b and i.
14
Let r be (-1 + 23)*16/(-8). Let g = r - -81. Suppose -5*a - 317 = -1427. What is the greatest common factor of g and a?
37
Suppose 74*a - 60*a - 84 = 0. Calculate the greatest common divisor of 147 and a.
3
Let m be (-150)/(-42) + (6/14 - 0). Suppose m*w - 907 = 11*f - 6*f, -w + 223 = -5*f. What is the greatest common factor of w and 76?
76
Suppose -8*b + 62 = -3*b + 4*i, -2*i = -3*b + 68. Let c = 27 - -15. Calculate the greatest common factor of c and b.
6
Let b(j) = j**2 - 642*j + 2960. Let y be b(0). Calculate the greatest common factor of y and 720.
80
Let g = -653 - -1480. Suppose 11*i = -g + 3984. Let p = 8 - -33. Calculate the greatest common factor of p and i.
41
Let q = -235 + 229. Let t be 112*(-15)/q*5/25. What is the greatest common factor of 35 and t?
7
Suppose 3*f = 2*a + 1 + 3, 0 = -2*f + 2*a + 2. What is the highest common divisor of 56 and f?
2
Let l = 39860 - 39804. What is the greatest common factor of l and 20?
4
Suppose -786 - 409 = -3*l - 5*c, -4*c = l - 396. Suppose -36 = 4*o - 676. What is the greatest common divisor of o and l?
80
Suppose -3*q = -5*g + q + 34, 2*g - 10 = -2*q. Let j be (g - 14)*18/(-8). What is the highest common factor of 18 and j?
18
Let g(x) = -4*x**3 + 4*x**2 - 2*x - 7. Let w be g(-5). Let r = 692 - w. Calculate the greatest common factor of r and 89.
89
Suppose 1 = h + 3, 4*y + 2*h = 36. Let k be 15 - (4/y)/(40/100). Calculate the highest common divisor of 63 and k.
7
Let h = -67 - -104. Suppose 34*u + 36 = h*u. Calculate the highest common factor of 60 and u.
12
Suppose 61309 - 262549 = -117*x. What is the highest common divisor of 16 and x?
8
Let k be -172*4/(-8)*1. What is the greatest common factor of k and 602?
86
Let g(v) = -v**2 + 104*v - 908. Let b be g(12). What is the greatest common divisor of b and 9653?
49
Let f(i) = 4*i + 36. Let z be f(-8). Suppose 2*u - 74 = -z*y, 3*u - 17 = -y + 2*u. What is the highest common factor of y and 320?
20
Let o be -1 + (14/(-56))/(3/(-1668)). Calculate the highest common divisor of 3243 and o.
69
Let q(i) = -3*i - 19. Let a(k) = -7*k + 4. Let p be a(-4). Suppose -j + p - 40 = 0. Let m be q(j). What is the greatest common divisor of m and 2?
1
Suppose 4*u - 5004 = 4*v, 0*v + 4*v + 2496 = 2*u. Calculate the greatest common divisor of u and 319.
11
Let y = 1 + 33. Let u = -16 + y. Suppose 237 = 13*j - 75. Calculate the highest common divisor of u and j.
6
Let w be (-12)/54 + (-762)/(-27). Let h be (42/(-1))/(8/(-12)). Let g = -59 + h. Calculate the greatest common factor of g and w.
4
Suppose 2*v - 4*v + 112 = 0. Let n be ((-240)/v)/((2 + -3)/21). Suppose 0 = p - n + 24. Calculate the greatest common divisor of p and 44.
22
Suppose -145 + 19 = 7*n. Let k be n/(-8)*(-224)/(-84). Calculate the highest common divisor of 282 and k.
6
Let h be 7329/6 - (17 - 19)/4. Calculate the greatest common factor of 470 and h.
94
Let z = 6814 + -6295. Calculate the greatest common factor of 9 and z.
3
Let k = 685 - 680. Calculate the highest common factor of 820 and k.
5
Suppose 4*x - 32 = -3*h, -5*x + x = -4*h - 4. Suppose 135 = x*l - 0. Let v be 193 + (-2)/(33/154 + (-2)/(-7)). What is the greatest common factor of l and v?
27
Suppose -19127 = 35*k - 198852. What is the greatest common divisor of 65 and k?
65
Suppose -24 = -5*m - 4*k - 44, 0 = m + k + 3. Suppose -4*i + 134 - 34 = 0. Let h = i - m. What is the highest common factor of h and 297?
33
Suppose -47*h = -44*h - 3009. What is the highest common divisor of 59 and h?
59
Suppose 60*h - 29*h + 32*h = 371700. What is the highest common divisor of h and 100?
100
Let v(k) be the first derivative of -k**4/4 + 4*k**3/3 + 4*k**2 + 4*k + 62. Let m be v(4). Calculate the highest common factor of 45 and m.
9
Let i = -1253 + 2101. Let u = 879 - i. Calculate the greatest common factor of u and 31.
31
Let d = -142 - -288. Let i(g) = -64*g - 595. Let k be i(-15). What is the greatest common factor of d and k?
73
Suppose 4*k + 2*y - 74927 = -6391, k + 6*y - 17123 = 0. What is the greatest common divisor of 115 and k?
115
Suppose -7*g + 14*g + 25*g = 3104. Calculate the highest common divisor of g and 10767.
97
Suppose 0 = x - 3*d - 1, 5*x - 3 = 3*x + 5*d. Let r be 6/8 + (-53775)/(-300). Suppose 9*l = x*l + r. What is the highest common factor of l and 252?
36
Let x be 2 + -1 + (-2 - 2). Let c be (-105)/(-10) - -3 - (-27)/(-18). Let j = x + c. What is the highest common factor of 117 and j?
9
Let p be (-70)/(-10)*72/21. Calculate the highest common divisor of p and 21.
3
Let y = 2147 + -964. What is the greatest common factor of y and 7?
7
Let a(k) = -7*k**3 - 4*k**2 - 5*k - 2. Let d be a(-1). Suppose -10 = -d*s + 11*s, 5*z + 4*s = 577. What is the greatest common divisor of z and 13?
13
Suppose -q + 6*q + l + 4 = 0, 8 = -2*l. Let z be 0/3 - (0 - q)/1. Suppose -11*d + 7*d + 132 = z. Calculate the highest common factor of 3 and d.
3
Let t(m) = -m + 13. Let r be t(9). Let f(u) = u**3 - 23*u**2 + 25*u + 30. Let g be f(22). Calculate the greatest common factor of r and g.
4
Suppose -7904 = 18*q - 29*q - 27*q. What is the greatest common factor of 88 and q?
8
Suppose -2*z = -5*z + 153. Let c be (1060/(-50))/((-1)/10*4). Suppose -5*h = -c - 117. Calculate the highest common factor of z and h.
17
Let z be ((-15450)/(-125))/(-6)*-20. Calculate the greatest common factor of 116 and z.
4
Let h = -207 + 130. Let a be (-22)/h + 372/21. Calculate the highest common divisor of 24 and a.
6
Suppose -24*v - 2*n - 230 = -29*v, 2*n = -v + 46. What is the greatest common divisor of v and 1403?
23
Let y(k) = k**2 - 5*k - 14. Let u be y(7). Suppose 2*p + 2*p - 5*j - 140 = u, -2*j = 8. Let c = 8 - -7. Calculate the highest common factor of p and c.
15
Let h = 487 - 281. Let t = h + -173. Calculate the greatest common factor of 264 and t.
33
Let o = 7810 - 7373. What is the highest common factor of 19 and o?
19
Let g = 16008 - 15896. Suppose 3*c = 2*c + 14. What is the h